{"id":1596,"date":"2017-06-09T16:00:27","date_gmt":"2017-06-09T14:00:27","guid":{"rendered":"http:\/\/www.ffhennersdorf.at\/WordPress\/?page_id=1596"},"modified":"2017-06-17T17:48:22","modified_gmt":"2017-06-17T15:48:22","slug":"feuerwehrfest-2017","status":"publish","type":"page","link":"http:\/\/www.ffhennersdorf.at\/WordPress\/aktivitaeten\/feuerwehrfest\/feuerwehrfest-2017\/","title":{"rendered":"Feuerwehrfest 2017"},"content":{"rendered":"<h2>7. Florianiheuriger der FF Hennersdorf<\/h2>\n<p>Von Freitag, 9. Juni 2017, bis Samstag, 10. Juni 2017, lud die Feuerwehr Hennersdorf zum mittelerweile 7. Florianiheurigen. Das fast schon traditionelle anmutende Unterhaltungsangebot \u2013 mit Undercover Big Band, Jugendblasorchester der Musikschule V\u00f6sendorf und Wiener Wahnsinn \u2013 wurde auch dieses Jahr wieder von einer H\u00fcpfburg, einem Kinderfest, sowie einer Florianibar begleitet. Neu war, dass zivile und uniformierte Polizisten im Rahmen des Florianiheurigens ihre Ausr\u00fcstung und den Arbeitsalltag interessierten kleinen und gro\u00dfen Besuchern n\u00e4herbrachten (Aktion \u201eGemeinsam.Sicher in M\u00f6dling\u201c).<\/p>\n<p><div data-carousel-extra='{\"blog_id\":1,\"permalink\":\"http:\\\/\\\/www.ffhennersdorf.at\\\/WordPress\\\/aktivitaeten\\\/feuerwehrfest\\\/feuerwehrfest-2017\\\/\"}' class=\"tiled-gallery type-rectangular\" data-original-width=\"780\"><div class=\"gallery-row\" style=\"width: 775px; height: 256px;\"><div class=\"gallery-group images-1\" style=\"width: 388px; height: 260px;\"><div class=\"tiled-gallery-item tiled-gallery-item-large\"><a href=\"http:\/\/www.ffhennersdorf.at\/WordPress\/?attachment_id=1557#main\"><img loading=\"lazy\" decoding=\"async\" data-attachment-id=\"1557\" data-orig-file=\"http:\/\/www.ffhennersdorf.at\/WordPress\/wp-content\/uploads\/2017\/06\/Florianiheuriger-2.jpg\" data-orig-size=\"4000,2664\" data-comments-opened=\"1\" data-image-meta=\"{&quot;aperture&quot;:&quot;3.9&quot;,&quot;credit&quot;:&quot;&quot;,&quot;camera&quot;:&quot;Canon PowerShot D30&quot;,&quot;caption&quot;:&quot;&quot;,&quot;created_timestamp&quot;:&quot;1497101867&quot;,&quot;copyright&quot;:&quot;&quot;,&quot;focal_length&quot;:&quot;5&quot;,&quot;iso&quot;:&quot;125&quot;,&quot;shutter_speed&quot;:&quot;0.003125&quot;,&quot;title&quot;:&quot;&quot;,&quot;orientation&quot;:&quot;1&quot;}\" data-image-title=\"Florianiheuriger (2)\" data-image-description=\"\" data-medium-file=\"http:\/\/www.ffhennersdorf.at\/WordPress\/wp-content\/uploads\/2017\/06\/Florianiheuriger-2-300x200.jpg\" data-large-file=\"http:\/\/www.ffhennersdorf.at\/WordPress\/wp-content\/uploads\/2017\/06\/Florianiheuriger-2-1024x682.jpg\" src=\"http:\/\/www.ffhennersdorf.at\/WordPress\/wp-content\/uploads\/2017\/06\/Florianiheuriger-2-384x256.jpg\" width=\"384\" height=\"256\" align=\"left\" title=\"Florianiheuriger (2)\" \/><\/a><\/div><\/div><div class=\"gallery-group images-1\" style=\"width: 387px; height: 260px;\"><div class=\"tiled-gallery-item tiled-gallery-item-large\"><a href=\"http:\/\/www.ffhennersdorf.at\/WordPress\/?attachment_id=1537#main\"><img loading=\"lazy\" decoding=\"async\" data-attachment-id=\"1537\" data-orig-file=\"http:\/\/www.ffhennersdorf.at\/WordPress\/wp-content\/uploads\/2017\/06\/florianiheuriger-1.jpg\" data-orig-size=\"720,480\" data-comments-opened=\"1\" data-image-meta=\"{&quot;aperture&quot;:&quot;0&quot;,&quot;credit&quot;:&quot;&quot;,&quot;camera&quot;:&quot;&quot;,&quot;caption&quot;:&quot;&quot;,&quot;created_timestamp&quot;:&quot;0&quot;,&quot;copyright&quot;:&quot;Peter Papazek&quot;,&quot;focal_length&quot;:&quot;0&quot;,&quot;iso&quot;:&quot;0&quot;,&quot;shutter_speed&quot;:&quot;0&quot;,&quot;title&quot;:&quot;&quot;,&quot;orientation&quot;:&quot;0&quot;}\" data-image-title=\"florianiheuriger (1)\" data-image-description=\"\" data-medium-file=\"http:\/\/www.ffhennersdorf.at\/WordPress\/wp-content\/uploads\/2017\/06\/florianiheuriger-1-300x200.jpg\" data-large-file=\"http:\/\/www.ffhennersdorf.at\/WordPress\/wp-content\/uploads\/2017\/06\/florianiheuriger-1.jpg\" src=\"http:\/\/www.ffhennersdorf.at\/WordPress\/wp-content\/uploads\/2017\/06\/florianiheuriger-1-383x256.jpg\" width=\"383\" height=\"256\" align=\"left\" title=\"florianiheuriger (1)\" \/><\/a><\/div><\/div><\/div><\/div><br \/>\nEin weiteres Novum war eine Einsatz\u00fcbung, die im Zuge der Er\u00f6ffnung stattfand. Unsere Kameraden simulierten einen Brandeinsatz mit Menschenrettung unter der Verwendung von Atemschutzger\u00e4ten. Hierbei wurde ein Brandsimulator der Firma Tomek &amp; Partner verwendet, der mithilfe von Propangas eine bis zu 3 Meter lange Stichflamme produzierte.<\/p>\n<p><div data-carousel-extra='{\"blog_id\":1,\"permalink\":\"http:\\\/\\\/www.ffhennersdorf.at\\\/WordPress\\\/aktivitaeten\\\/feuerwehrfest\\\/feuerwehrfest-2017\\\/\"}' class=\"tiled-gallery type-rectangular\" data-original-width=\"780\"><div class=\"gallery-row\" style=\"width: 775px; height: 333px;\"><div class=\"gallery-group images-1\" style=\"width: 504px; height: 337px;\"><div class=\"tiled-gallery-item tiled-gallery-item-large\"><a href=\"http:\/\/www.ffhennersdorf.at\/WordPress\/?attachment_id=1559#main\"><img loading=\"lazy\" decoding=\"async\" data-attachment-id=\"1559\" data-orig-file=\"http:\/\/www.ffhennersdorf.at\/WordPress\/wp-content\/uploads\/2017\/06\/florianiheuriger-4.jpg\" data-orig-size=\"4000,2664\" data-comments-opened=\"1\" data-image-meta=\"{&quot;aperture&quot;:&quot;8&quot;,&quot;credit&quot;:&quot;&quot;,&quot;camera&quot;:&quot;Canon PowerShot D30&quot;,&quot;caption&quot;:&quot;&quot;,&quot;created_timestamp&quot;:&quot;1497025422&quot;,&quot;copyright&quot;:&quot;&quot;,&quot;focal_length&quot;:&quot;5&quot;,&quot;iso&quot;:&quot;200&quot;,&quot;shutter_speed&quot;:&quot;0.0025&quot;,&quot;title&quot;:&quot;&quot;,&quot;orientation&quot;:&quot;1&quot;}\" data-image-title=\"florianiheuriger (4)\" data-image-description=\"\" data-medium-file=\"http:\/\/www.ffhennersdorf.at\/WordPress\/wp-content\/uploads\/2017\/06\/florianiheuriger-4-300x200.jpg\" data-large-file=\"http:\/\/www.ffhennersdorf.at\/WordPress\/wp-content\/uploads\/2017\/06\/florianiheuriger-4-1024x682.jpg\" src=\"http:\/\/www.ffhennersdorf.at\/WordPress\/wp-content\/uploads\/2017\/06\/florianiheuriger-4-500x333.jpg\" width=\"500\" height=\"333\" align=\"left\" title=\"florianiheuriger (4)\" \/><\/a><\/div><\/div><div class=\"gallery-group images-2\" style=\"width: 271px; height: 337px;\"><div class=\"tiled-gallery-item tiled-gallery-item-large\"><a href=\"http:\/\/www.ffhennersdorf.at\/WordPress\/?attachment_id=1560#main\"><img loading=\"lazy\" decoding=\"async\" data-attachment-id=\"1560\" data-orig-file=\"http:\/\/www.ffhennersdorf.at\/WordPress\/wp-content\/uploads\/2017\/06\/florianiheuriger-5.jpg\" data-orig-size=\"2400,1350\" data-comments-opened=\"1\" data-image-meta=\"{&quot;aperture&quot;:&quot;0&quot;,&quot;credit&quot;:&quot;&quot;,&quot;camera&quot;:&quot;&quot;,&quot;caption&quot;:&quot;&quot;,&quot;created_timestamp&quot;:&quot;0&quot;,&quot;copyright&quot;:&quot;Peter Papazek&quot;,&quot;focal_length&quot;:&quot;0&quot;,&quot;iso&quot;:&quot;0&quot;,&quot;shutter_speed&quot;:&quot;0&quot;,&quot;title&quot;:&quot;&quot;,&quot;orientation&quot;:&quot;0&quot;}\" data-image-title=\"florianiheuriger (5)\" data-image-description=\"\" data-medium-file=\"http:\/\/www.ffhennersdorf.at\/WordPress\/wp-content\/uploads\/2017\/06\/florianiheuriger-5-300x169.jpg\" data-large-file=\"http:\/\/www.ffhennersdorf.at\/WordPress\/wp-content\/uploads\/2017\/06\/florianiheuriger-5-1024x576.jpg\" src=\"http:\/\/www.ffhennersdorf.at\/WordPress\/wp-content\/uploads\/2017\/06\/florianiheuriger-5-267x151.jpg\" width=\"267\" height=\"151\" align=\"left\" title=\"florianiheuriger (5)\" \/><\/a><\/div><div class=\"tiled-gallery-item tiled-gallery-item-large\"><a href=\"http:\/\/www.ffhennersdorf.at\/WordPress\/?attachment_id=1572#main\"><img loading=\"lazy\" decoding=\"async\" data-attachment-id=\"1572\" data-orig-file=\"http:\/\/www.ffhennersdorf.at\/WordPress\/wp-content\/uploads\/2017\/06\/florianiheuriger-12.jpg\" data-orig-size=\"720,480\" data-comments-opened=\"1\" data-image-meta=\"{&quot;aperture&quot;:&quot;0&quot;,&quot;credit&quot;:&quot;&quot;,&quot;camera&quot;:&quot;&quot;,&quot;caption&quot;:&quot;&quot;,&quot;created_timestamp&quot;:&quot;0&quot;,&quot;copyright&quot;:&quot;Peter Papazek&quot;,&quot;focal_length&quot;:&quot;0&quot;,&quot;iso&quot;:&quot;0&quot;,&quot;shutter_speed&quot;:&quot;0&quot;,&quot;title&quot;:&quot;&quot;,&quot;orientation&quot;:&quot;0&quot;}\" data-image-title=\"florianiheuriger (12)\" data-image-description=\"\" data-medium-file=\"http:\/\/www.ffhennersdorf.at\/WordPress\/wp-content\/uploads\/2017\/06\/florianiheuriger-12-300x200.jpg\" data-large-file=\"http:\/\/www.ffhennersdorf.at\/WordPress\/wp-content\/uploads\/2017\/06\/florianiheuriger-12.jpg\" src=\"http:\/\/www.ffhennersdorf.at\/WordPress\/wp-content\/uploads\/2017\/06\/florianiheuriger-12-267x178.jpg\" width=\"267\" height=\"178\" align=\"left\" title=\"florianiheuriger (12)\" \/><\/a><\/div><\/div><\/div><div class=\"gallery-row\" style=\"width: 775px; height: 261px;\"><div class=\"gallery-group images-1\" style=\"width: 353px; height: 265px;\"><div class=\"tiled-gallery-item tiled-gallery-item-large\"><a href=\"http:\/\/www.ffhennersdorf.at\/WordPress\/?attachment_id=1573#main\"><img loading=\"lazy\" decoding=\"async\" data-attachment-id=\"1573\" data-orig-file=\"http:\/\/www.ffhennersdorf.at\/WordPress\/wp-content\/uploads\/2017\/06\/florianiheuriger-17.jpg\" data-orig-size=\"720,540\" data-comments-opened=\"1\" data-image-meta=\"{&quot;aperture&quot;:&quot;0&quot;,&quot;credit&quot;:&quot;&quot;,&quot;camera&quot;:&quot;&quot;,&quot;caption&quot;:&quot;&quot;,&quot;created_timestamp&quot;:&quot;0&quot;,&quot;copyright&quot;:&quot;Peter Papazek&quot;,&quot;focal_length&quot;:&quot;0&quot;,&quot;iso&quot;:&quot;0&quot;,&quot;shutter_speed&quot;:&quot;0&quot;,&quot;title&quot;:&quot;&quot;,&quot;orientation&quot;:&quot;0&quot;}\" data-image-title=\"florianiheuriger (17)\" data-image-description=\"\" data-medium-file=\"http:\/\/www.ffhennersdorf.at\/WordPress\/wp-content\/uploads\/2017\/06\/florianiheuriger-17-300x225.jpg\" data-large-file=\"http:\/\/www.ffhennersdorf.at\/WordPress\/wp-content\/uploads\/2017\/06\/florianiheuriger-17.jpg\" src=\"http:\/\/www.ffhennersdorf.at\/WordPress\/wp-content\/uploads\/2017\/06\/florianiheuriger-17-349x261.jpg\" width=\"349\" height=\"261\" align=\"left\" title=\"florianiheuriger (17)\" \/><\/a><\/div><\/div><div class=\"gallery-group images-1\" style=\"width: 422px; height: 265px;\"><div class=\"tiled-gallery-item tiled-gallery-item-large\"><a href=\"http:\/\/www.ffhennersdorf.at\/WordPress\/?attachment_id=1574#main\"><img loading=\"lazy\" decoding=\"async\" data-attachment-id=\"1574\" data-orig-file=\"http:\/\/www.ffhennersdorf.at\/WordPress\/wp-content\/uploads\/2017\/06\/florianiheuriger-19.jpg\" data-orig-size=\"720,450\" data-comments-opened=\"1\" data-image-meta=\"{&quot;aperture&quot;:&quot;0&quot;,&quot;credit&quot;:&quot;&quot;,&quot;camera&quot;:&quot;&quot;,&quot;caption&quot;:&quot;&quot;,&quot;created_timestamp&quot;:&quot;0&quot;,&quot;copyright&quot;:&quot;Peter Papazek&quot;,&quot;focal_length&quot;:&quot;0&quot;,&quot;iso&quot;:&quot;0&quot;,&quot;shutter_speed&quot;:&quot;0&quot;,&quot;title&quot;:&quot;&quot;,&quot;orientation&quot;:&quot;0&quot;}\" data-image-title=\"florianiheuriger (19)\" data-image-description=\"\" data-medium-file=\"http:\/\/www.ffhennersdorf.at\/WordPress\/wp-content\/uploads\/2017\/06\/florianiheuriger-19-300x188.jpg\" data-large-file=\"http:\/\/www.ffhennersdorf.at\/WordPress\/wp-content\/uploads\/2017\/06\/florianiheuriger-19.jpg\" src=\"http:\/\/www.ffhennersdorf.at\/WordPress\/wp-content\/uploads\/2017\/06\/florianiheuriger-19-418x261.jpg\" width=\"418\" height=\"261\" align=\"left\" title=\"florianiheuriger (19)\" \/><\/a><\/div><\/div><\/div><\/div><br \/>\nF\u00fcr die s\u00fc\u00dfe Ecke sorgten auch dieses Jahr wieder die Ehepartnerinnen und M\u00fctter unserer Kameraden\/innen und so konnten wir unsere G\u00e4ste nicht nur mit Kistensau, Schnitzel und Pommes, sondern auch mit feinsten Mehlspeisen versorgen.<\/p>\n<p><div data-carousel-extra='{\"blog_id\":1,\"permalink\":\"http:\\\/\\\/www.ffhennersdorf.at\\\/WordPress\\\/aktivitaeten\\\/feuerwehrfest\\\/feuerwehrfest-2017\\\/\"}' class=\"tiled-gallery type-rectangular\" data-original-width=\"780\"><div class=\"gallery-row\" style=\"width: 775px; height: 1028px;\"><div class=\"gallery-group images-1\" style=\"width: 775px; height: 1032px;\"><div class=\"tiled-gallery-item tiled-gallery-item-large\"><a href=\"http:\/\/www.ffhennersdorf.at\/WordPress\/?attachment_id=1562#main\"><img loading=\"lazy\" decoding=\"async\" data-attachment-id=\"1562\" data-orig-file=\"http:\/\/www.ffhennersdorf.at\/WordPress\/wp-content\/uploads\/2017\/06\/florianiheuriger-7.jpg\" data-orig-size=\"1800,2400\" data-comments-opened=\"1\" data-image-meta=\"{&quot;aperture&quot;:&quot;0&quot;,&quot;credit&quot;:&quot;&quot;,&quot;camera&quot;:&quot;&quot;,&quot;caption&quot;:&quot;&quot;,&quot;created_timestamp&quot;:&quot;0&quot;,&quot;copyright&quot;:&quot;Peter Papazek&quot;,&quot;focal_length&quot;:&quot;0&quot;,&quot;iso&quot;:&quot;0&quot;,&quot;shutter_speed&quot;:&quot;0&quot;,&quot;title&quot;:&quot;&quot;,&quot;orientation&quot;:&quot;0&quot;}\" data-image-title=\"florianiheuriger (7)\" data-image-description=\"\" data-medium-file=\"http:\/\/www.ffhennersdorf.at\/WordPress\/wp-content\/uploads\/2017\/06\/florianiheuriger-7-225x300.jpg\" data-large-file=\"http:\/\/www.ffhennersdorf.at\/WordPress\/wp-content\/uploads\/2017\/06\/florianiheuriger-7-768x1024.jpg\" src=\"http:\/\/www.ffhennersdorf.at\/WordPress\/wp-content\/uploads\/2017\/06\/florianiheuriger-7-771x1028.jpg\" width=\"771\" height=\"1028\" align=\"left\" title=\"florianiheuriger (7)\" \/><\/a><\/div><\/div><\/div><\/div><br \/>\nAls abschlie\u00dfendes Highlight galt sicher der Auftritt von Wiener Wahnsinn. Unz\u00e4hlige G\u00e4ste lauschten auch dieses Jahr wieder den musikalischen Darbietungen von \u201eSoberl\u201c und seinen Kollegen bis sp\u00e4t in die Nacht. Anschlie\u00dfend konnte man wie von \u201eSoberl\u201c vorgeschlagen, den Abend im 9er Haus in der Florianibar ausklingen lassen.<\/p>\n<div data-carousel-extra='{\"blog_id\":1,\"permalink\":\"http:\\\/\\\/www.ffhennersdorf.at\\\/WordPress\\\/aktivitaeten\\\/feuerwehrfest\\\/feuerwehrfest-2017\\\/\"}' class=\"tiled-gallery type-rectangular\" data-original-width=\"780\"><div class=\"gallery-row\" style=\"width: 775px; height: 342px;\"><div class=\"gallery-group images-1\" style=\"width: 517px; height: 346px;\"><div class=\"tiled-gallery-item tiled-gallery-item-large\"><a href=\"http:\/\/www.ffhennersdorf.at\/WordPress\/?attachment_id=1566#main\"><img loading=\"lazy\" decoding=\"async\" data-attachment-id=\"1566\" data-orig-file=\"http:\/\/www.ffhennersdorf.at\/WordPress\/wp-content\/uploads\/2017\/06\/florianiheuriger-11.jpg\" data-orig-size=\"2400,1601\" data-comments-opened=\"1\" data-image-meta=\"{&quot;aperture&quot;:&quot;0&quot;,&quot;credit&quot;:&quot;&quot;,&quot;camera&quot;:&quot;&quot;,&quot;caption&quot;:&quot;&quot;,&quot;created_timestamp&quot;:&quot;0&quot;,&quot;copyright&quot;:&quot;Peter Papazek&quot;,&quot;focal_length&quot;:&quot;0&quot;,&quot;iso&quot;:&quot;0&quot;,&quot;shutter_speed&quot;:&quot;0&quot;,&quot;title&quot;:&quot;&quot;,&quot;orientation&quot;:&quot;0&quot;}\" data-image-title=\"florianiheuriger (11)\" data-image-description=\"\" data-medium-file=\"http:\/\/www.ffhennersdorf.at\/WordPress\/wp-content\/uploads\/2017\/06\/florianiheuriger-11-300x200.jpg\" data-large-file=\"http:\/\/www.ffhennersdorf.at\/WordPress\/wp-content\/uploads\/2017\/06\/florianiheuriger-11-1024x683.jpg\" src=\"http:\/\/www.ffhennersdorf.at\/WordPress\/wp-content\/uploads\/2017\/06\/florianiheuriger-11-513x342.jpg\" width=\"513\" height=\"342\" align=\"left\" title=\"florianiheuriger (11)\" \/><\/a><\/div><\/div><div class=\"gallery-group images-2\" style=\"width: 258px; height: 346px;\"><div class=\"tiled-gallery-item tiled-gallery-item-large\"><a href=\"http:\/\/www.ffhennersdorf.at\/WordPress\/?attachment_id=1563#main\"><img loading=\"lazy\" decoding=\"async\" data-attachment-id=\"1563\" data-orig-file=\"http:\/\/www.ffhennersdorf.at\/WordPress\/wp-content\/uploads\/2017\/06\/florianiheuriger-8.jpg\" data-orig-size=\"720,480\" data-comments-opened=\"1\" data-image-meta=\"{&quot;aperture&quot;:&quot;0&quot;,&quot;credit&quot;:&quot;&quot;,&quot;camera&quot;:&quot;&quot;,&quot;caption&quot;:&quot;&quot;,&quot;created_timestamp&quot;:&quot;0&quot;,&quot;copyright&quot;:&quot;Peter Papazek&quot;,&quot;focal_length&quot;:&quot;0&quot;,&quot;iso&quot;:&quot;0&quot;,&quot;shutter_speed&quot;:&quot;0&quot;,&quot;title&quot;:&quot;&quot;,&quot;orientation&quot;:&quot;0&quot;}\" data-image-title=\"florianiheuriger (8)\" data-image-description=\"\" data-medium-file=\"http:\/\/www.ffhennersdorf.at\/WordPress\/wp-content\/uploads\/2017\/06\/florianiheuriger-8-300x200.jpg\" data-large-file=\"http:\/\/www.ffhennersdorf.at\/WordPress\/wp-content\/uploads\/2017\/06\/florianiheuriger-8.jpg\" src=\"http:\/\/www.ffhennersdorf.at\/WordPress\/wp-content\/uploads\/2017\/06\/florianiheuriger-8-254x169.jpg\" width=\"254\" height=\"169\" align=\"left\" title=\"florianiheuriger (8)\" \/><\/a><\/div><div class=\"tiled-gallery-item tiled-gallery-item-large\"><a href=\"http:\/\/www.ffhennersdorf.at\/WordPress\/?attachment_id=1576#main\"><img loading=\"lazy\" decoding=\"async\" data-attachment-id=\"1576\" data-orig-file=\"http:\/\/www.ffhennersdorf.at\/WordPress\/wp-content\/uploads\/2017\/06\/florianiheuriger-30.jpg\" data-orig-size=\"720,480\" data-comments-opened=\"1\" data-image-meta=\"{&quot;aperture&quot;:&quot;0&quot;,&quot;credit&quot;:&quot;&quot;,&quot;camera&quot;:&quot;&quot;,&quot;caption&quot;:&quot;&quot;,&quot;created_timestamp&quot;:&quot;0&quot;,&quot;copyright&quot;:&quot;Peter Papazek&quot;,&quot;focal_length&quot;:&quot;0&quot;,&quot;iso&quot;:&quot;0&quot;,&quot;shutter_speed&quot;:&quot;0&quot;,&quot;title&quot;:&quot;&quot;,&quot;orientation&quot;:&quot;0&quot;}\" data-image-title=\"florianiheuriger (30)\" data-image-description=\"\" data-medium-file=\"http:\/\/www.ffhennersdorf.at\/WordPress\/wp-content\/uploads\/2017\/06\/florianiheuriger-30-300x200.jpg\" data-large-file=\"http:\/\/www.ffhennersdorf.at\/WordPress\/wp-content\/uploads\/2017\/06\/florianiheuriger-30.jpg\" src=\"http:\/\/www.ffhennersdorf.at\/WordPress\/wp-content\/uploads\/2017\/06\/florianiheuriger-30-254x169.jpg\" width=\"254\" height=\"169\" align=\"left\" title=\"florianiheuriger (30)\" \/><\/a><\/div><\/div><\/div><\/div>\n<p>Wir m\u00f6chten uns in diesem Zuge bei all unseren Sponsoren, Unterst\u00fctzern, Besuchern, freiwilligen Helfern und allen Kameraden bedanken. Ohne ihre Spenden, ihrer tatkr\u00e4ftigen Unterst\u00fctzung und Bereitschaft, den gewaltigen Arbeitsaufwand, der f\u00fcr das Fest notwendig ist, zu bew\u00e4ltigen, w\u00e4re unser Florianiheurigen nicht der, der er ist.<\/p>\n<p>Zus\u00e4tzlich m\u00f6chten wir uns noch bei Peter Papazek und Robert M\u00fcller (<a href=\"http:\/\/www.artograph.at\/\">www.artograph.at<\/a>) f\u00fcr die Unterst\u00fctzung\u00a0und Bereitstellung von Foto und Videomaterial bedanken!<\/p>\n<div data-carousel-extra='{\"blog_id\":1,\"permalink\":\"http:\\\/\\\/www.ffhennersdorf.at\\\/WordPress\\\/aktivitaeten\\\/feuerwehrfest\\\/feuerwehrfest-2017\\\/\"}' class=\"tiled-gallery type-rectangular\" data-original-width=\"780\"><div class=\"gallery-row\" style=\"width: 775px; height: 323px;\"><div class=\"gallery-group images-2\" style=\"width: 287px; height: 327px;\"><div class=\"tiled-gallery-item tiled-gallery-item-large\"><a href=\"http:\/\/www.ffhennersdorf.at\/WordPress\/?attachment_id=1580#main\"><img loading=\"lazy\" decoding=\"async\" data-attachment-id=\"1580\" data-orig-file=\"http:\/\/www.ffhennersdorf.at\/WordPress\/wp-content\/uploads\/2017\/06\/florianiheuriger-13.jpg\" data-orig-size=\"720,405\" data-comments-opened=\"1\" data-image-meta=\"{&quot;aperture&quot;:&quot;0&quot;,&quot;credit&quot;:&quot;&quot;,&quot;camera&quot;:&quot;&quot;,&quot;caption&quot;:&quot;&quot;,&quot;created_timestamp&quot;:&quot;0&quot;,&quot;copyright&quot;:&quot;Peter Papazek&quot;,&quot;focal_length&quot;:&quot;0&quot;,&quot;iso&quot;:&quot;0&quot;,&quot;shutter_speed&quot;:&quot;0&quot;,&quot;title&quot;:&quot;&quot;,&quot;orientation&quot;:&quot;0&quot;}\" data-image-title=\"florianiheuriger (13)\" data-image-description=\"\" data-medium-file=\"http:\/\/www.ffhennersdorf.at\/WordPress\/wp-content\/uploads\/2017\/06\/florianiheuriger-13-300x169.jpg\" data-large-file=\"http:\/\/www.ffhennersdorf.at\/WordPress\/wp-content\/uploads\/2017\/06\/florianiheuriger-13.jpg\" src=\"http:\/\/www.ffhennersdorf.at\/WordPress\/wp-content\/uploads\/2017\/06\/florianiheuriger-13-283x160.jpg\" width=\"283\" height=\"160\" align=\"left\" title=\"florianiheuriger (13)\" \/><\/a><\/div><div class=\"tiled-gallery-item tiled-gallery-item-large\"><a href=\"http:\/\/www.ffhennersdorf.at\/WordPress\/?attachment_id=1581#main\"><img loading=\"lazy\" decoding=\"async\" data-attachment-id=\"1581\" data-orig-file=\"http:\/\/www.ffhennersdorf.at\/WordPress\/wp-content\/uploads\/2017\/06\/florianiheuriger-24.jpg\" data-orig-size=\"720,405\" data-comments-opened=\"1\" data-image-meta=\"{&quot;aperture&quot;:&quot;0&quot;,&quot;credit&quot;:&quot;&quot;,&quot;camera&quot;:&quot;&quot;,&quot;caption&quot;:&quot;&quot;,&quot;created_timestamp&quot;:&quot;0&quot;,&quot;copyright&quot;:&quot;Peter Papazek&quot;,&quot;focal_length&quot;:&quot;0&quot;,&quot;iso&quot;:&quot;0&quot;,&quot;shutter_speed&quot;:&quot;0&quot;,&quot;title&quot;:&quot;&quot;,&quot;orientation&quot;:&quot;0&quot;}\" data-image-title=\"florianiheuriger (24)\" data-image-description=\"\" data-medium-file=\"http:\/\/www.ffhennersdorf.at\/WordPress\/wp-content\/uploads\/2017\/06\/florianiheuriger-24-300x169.jpg\" data-large-file=\"http:\/\/www.ffhennersdorf.at\/WordPress\/wp-content\/uploads\/2017\/06\/florianiheuriger-24.jpg\" src=\"http:\/\/www.ffhennersdorf.at\/WordPress\/wp-content\/uploads\/2017\/06\/florianiheuriger-24-283x159.jpg\" width=\"283\" height=\"159\" align=\"left\" title=\"florianiheuriger (24)\" \/><\/a><\/div><\/div><div class=\"gallery-group images-1\" style=\"width: 488px; height: 327px;\"><div class=\"tiled-gallery-item tiled-gallery-item-large\"><a href=\"http:\/\/www.ffhennersdorf.at\/WordPress\/?attachment_id=1582#main\"><img loading=\"lazy\" decoding=\"async\" data-attachment-id=\"1582\" data-orig-file=\"http:\/\/www.ffhennersdorf.at\/WordPress\/wp-content\/uploads\/2017\/06\/florianiheuriger-29-1.jpg\" data-orig-size=\"720,480\" data-comments-opened=\"1\" data-image-meta=\"{&quot;aperture&quot;:&quot;0&quot;,&quot;credit&quot;:&quot;&quot;,&quot;camera&quot;:&quot;&quot;,&quot;caption&quot;:&quot;&quot;,&quot;created_timestamp&quot;:&quot;0&quot;,&quot;copyright&quot;:&quot;Peter Papazek&quot;,&quot;focal_length&quot;:&quot;0&quot;,&quot;iso&quot;:&quot;0&quot;,&quot;shutter_speed&quot;:&quot;0&quot;,&quot;title&quot;:&quot;&quot;,&quot;orientation&quot;:&quot;0&quot;}\" data-image-title=\"florianiheuriger (29)\" data-image-description=\"\" data-medium-file=\"http:\/\/www.ffhennersdorf.at\/WordPress\/wp-content\/uploads\/2017\/06\/florianiheuriger-29-1-300x200.jpg\" data-large-file=\"http:\/\/www.ffhennersdorf.at\/WordPress\/wp-content\/uploads\/2017\/06\/florianiheuriger-29-1.jpg\" src=\"http:\/\/www.ffhennersdorf.at\/WordPress\/wp-content\/uploads\/2017\/06\/florianiheuriger-29-1-484x323.jpg\" width=\"484\" height=\"323\" align=\"left\" title=\"florianiheuriger (29)\" \/><\/a><\/div><\/div><\/div><\/div>\n","protected":false},"excerpt":{"rendered":"<p>7. Florianiheuriger der FF Hennersdorf Von Freitag, 9. Juni 2017, bis Samstag, 10. Juni 2017, lud die Feuerwehr Hennersdorf zum mittelerweile 7. Florianiheurigen. Das fast schon traditionelle anmutende Unterhaltungsangebot \u2013 <a class=\"more-link\" href=\"http:\/\/www.ffhennersdorf.at\/WordPress\/aktivitaeten\/feuerwehrfest\/feuerwehrfest-2017\/\">Weiterlesen&#8230;<\/a><\/p>\n","protected":false},"author":1,"featured_media":0,"parent":16,"menu_order":0,"comment_status":"closed","ping_status":"closed","template":"","meta":{"sfsi_plus_gutenberg_text_before_share":"","sfsi_plus_gutenberg_show_text_before_share":"","sfsi_plus_gutenberg_icon_type":"","sfsi_plus_gutenberg_icon_alignemt":"","sfsi_plus_gutenburg_max_per_row":"","footnotes":""},"_links":{"self":[{"href":"http:\/\/www.ffhennersdorf.at\/WordPress\/wp-json\/wp\/v2\/pages\/1596"}],"collection":[{"href":"http:\/\/www.ffhennersdorf.at\/WordPress\/wp-json\/wp\/v2\/pages"}],"about":[{"href":"http:\/\/www.ffhennersdorf.at\/WordPress\/wp-json\/wp\/v2\/types\/page"}],"author":[{"embeddable":true,"href":"http:\/\/www.ffhennersdorf.at\/WordPress\/wp-json\/wp\/v2\/users\/1"}],"replies":[{"embeddable":true,"href":"http:\/\/www.ffhennersdorf.at\/WordPress\/wp-json\/wp\/v2\/comments?post=1596"}],"version-history":[{"count":2,"href":"http:\/\/www.ffhennersdorf.at\/WordPress\/wp-json\/wp\/v2\/pages\/1596\/revisions"}],"predecessor-version":[{"id":1599,"href":"http:\/\/www.ffhennersdorf.at\/WordPress\/wp-json\/wp\/v2\/pages\/1596\/revisions\/1599"}],"up":[{"embeddable":true,"href":"http:\/\/www.ffhennersdorf.at\/WordPress\/wp-json\/wp\/v2\/pages\/16"}],"wp:attachment":[{"href":"http:\/\/www.ffhennersdorf.at\/WordPress\/wp-json\/wp\/v2\/media?parent=1596"}],"curies":[{"name":"wp","href":"https:\/\/api.w.org\/{rel}","templated":true}]}}