{"id":10,"date":"2016-04-12T13:43:13","date_gmt":"2016-04-12T11:43:13","guid":{"rendered":"http:\/\/www.ffhennersdorf.at\/WordPress\/?page_id=10"},"modified":"2024-01-10T21:00:48","modified_gmt":"2024-01-10T20:00:48","slug":"einsaetze","status":"publish","type":"page","link":"https:\/\/www.ffhennersdorf.at\/WordPress\/aktivitaeten\/einsaetze\/","title":{"rendered":"Eins\u00e4tze"},"content":{"rendered":"<p>Brandsicherheitswachen (BSW) bei Veranstaltungen im 9er Haus werden nicht gesondert angef\u00fchrt.<\/p>\n<h3><strong>Bisherige Eins\u00e4tze:<\/strong><\/h3>\n<ul style=\"list-style-type: circle;\">\n<li><a href=\"http:\/\/www.ffhennersdorf.at\/WordPress\/category\/einsaetze\/einsaetze2024\/\">Eins\u00e4tze des Jahres 2024<\/a><\/li>\n<li><a href=\"http:\/\/www.ffhennersdorf.at\/WordPress\/category\/einsaetze\/einsaetze2023\/\">Eins\u00e4tze des Jahres 2023<\/a><\/li>\n<li><a href=\"http:\/\/www.ffhennersdorf.at\/WordPress\/category\/einsaetze\/einsaetze2022\/\">Eins\u00e4tze des Jahres 2022<\/a><\/li>\n<li><a href=\"http:\/\/www.ffhennersdorf.at\/WordPress\/category\/einsaetze\/einsaetze2021\/\">Eins\u00e4tze des Jahres 2021<\/a><\/li>\n<li><a href=\"http:\/\/www.ffhennersdorf.at\/WordPress\/category\/einsaetze\/einsaetze2020\/\">Eins\u00e4tze des Jahres 2020<\/a><\/li>\n<li><a href=\"http:\/\/www.ffhennersdorf.at\/WordPress\/category\/einsaetze\/einsaetze2019\/\">Eins\u00e4tze des Jahres 2019<\/a><\/li>\n<li><a href=\"http:\/\/www.ffhennersdorf.at\/WordPress\/category\/einsaetze\/einsaetze2018\/\">Eins\u00e4tze des Jahres 2018<\/a><\/li>\n<li><a href=\"http:\/\/www.ffhennersdorf.at\/WordPress\/category\/einsaetze\/einsaetze2017\/\">Eins\u00e4tze des Jahres 2017<\/a><\/li>\n<li><a href=\"http:\/\/www.ffhennersdorf.at\/WordPress\/?cat=19\">Eins\u00e4tze des Jahres 2016<\/a><\/li>\n<li><a href=\"http:\/\/www.ffhennersdorf.at\/Web\/einsaetze15.html\" target=\"_blank\" rel=\"noopener noreferrer\">Eins\u00e4tze des Jahres 2015 (alte Website)<\/a><\/li>\n<li><a href=\"http:\/\/www.ffhennersdorf.at\/Web\/einsaetze14.html\" target=\"_blank\" rel=\"noopener noreferrer\">Eins\u00e4tze des Jahres 2014\u00a0(alte Website)<\/a><\/li>\n<li><a href=\"http:\/\/www.ffhennersdorf.at\/Web\/einsaetze13.html\" target=\"_blank\" rel=\"noopener noreferrer\">Eins\u00e4tze des Jahres 2013\u00a0(alte Website)<\/a><\/li>\n<li><a href=\"http:\/\/www.ffhennersdorf.at\/Web\/einsaetze12.html\" target=\"_blank\" rel=\"noopener noreferrer\">Eins\u00e4tze des Jahres 2012\u00a0(alte Website)<\/a><\/li>\n<li><a href=\"http:\/\/www.ffhennersdorf.at\/Web\/einsaetze11.html\" target=\"_blank\" rel=\"noopener noreferrer\">Eins\u00e4tze des Jahres 2013\u00a0(alte Website)<\/a><\/li>\n<li><a href=\"http:\/\/www.ffhennersdorf.at\/Web\/einsaetze10.html\" target=\"_blank\" rel=\"noopener noreferrer\">Eins\u00e4tze des Jahres 2010\u00a0(alte Website)<\/a><\/li>\n<li><a href=\"http:\/\/www.ffhennersdorf.at\/Web\/einsaetze09.html\" target=\"_blank\" rel=\"noopener noreferrer\">Eins\u00e4tze des Jahres 2009\u00a0(alte Website)<\/a><\/li>\n<li><a href=\"http:\/\/www.ffhennersdorf.at\/Web\/einsaetze08.html\" target=\"_blank\" rel=\"noopener noreferrer\">Eins\u00e4tze des Jahres 2008\u00a0(alte Website)<\/a><\/li>\n<li><a href=\"http:\/\/www.ffhennersdorf.at\/Web\/einsaetze07.html\" target=\"_blank\" rel=\"noopener noreferrer\">Eins\u00e4tze des Jahres 2007\u00a0(alte Website)<\/a><\/li>\n<li><a href=\"http:\/\/www.ffhennersdorf.at\/Web\/einsaetze06.html\" target=\"_blank\" rel=\"noopener noreferrer\">Eins\u00e4tze des Jahres 2006\u00a0(alte Website)<\/a><\/li>\n<\/ul>\n<div data-carousel-extra='{\"blog_id\":1,\"permalink\":\"https:\\\/\\\/www.ffhennersdorf.at\\\/WordPress\\\/aktivitaeten\\\/einsaetze\\\/\"}' class=\"tiled-gallery type-rectangular\" data-original-width=\"780\"><div class=\"gallery-row\" style=\"width: 775px; height: 368px;\"><div class=\"gallery-group images-1\" style=\"width: 494px; height: 372px;\"><div class=\"tiled-gallery-item tiled-gallery-item-large\"><a href=\"https:\/\/www.ffhennersdorf.at\/WordPress\/aktivitaeten\/einsaetze\/einsaetze-6\/#main\"><img loading=\"lazy\" decoding=\"async\" data-attachment-id=\"306\" data-orig-file=\"https:\/\/www.ffhennersdorf.at\/WordPress\/wp-content\/uploads\/2016\/04\/Einsaetze-6.jpg\" data-orig-size=\"500,375\" data-comments-opened=\"1\" data-image-meta=\"{&quot;aperture&quot;:&quot;0&quot;,&quot;credit&quot;:&quot;&quot;,&quot;camera&quot;:&quot;&quot;,&quot;caption&quot;:&quot;&quot;,&quot;created_timestamp&quot;:&quot;0&quot;,&quot;copyright&quot;:&quot;&quot;,&quot;focal_length&quot;:&quot;0&quot;,&quot;iso&quot;:&quot;0&quot;,&quot;shutter_speed&quot;:&quot;0&quot;,&quot;title&quot;:&quot;&quot;,&quot;orientation&quot;:&quot;1&quot;}\" data-image-title=\"Einsaetze (6)\" data-image-description=\"\" data-medium-file=\"https:\/\/www.ffhennersdorf.at\/WordPress\/wp-content\/uploads\/2016\/04\/Einsaetze-6-300x225.jpg\" data-large-file=\"https:\/\/www.ffhennersdorf.at\/WordPress\/wp-content\/uploads\/2016\/04\/Einsaetze-6.jpg\" src=\"https:\/\/www.ffhennersdorf.at\/WordPress\/wp-content\/uploads\/2016\/04\/Einsaetze-6-490x368.jpg\" width=\"490\" height=\"368\" align=\"left\" title=\"Einsaetze (6)\" \/><\/a><\/div><\/div><div class=\"gallery-group images-2\" style=\"width: 281px; height: 372px;\"><div class=\"tiled-gallery-item tiled-gallery-item-large\"><a href=\"https:\/\/www.ffhennersdorf.at\/WordPress\/2016\/05\/02\/te-pkw-bergung\/pkw-bergung-4\/#main\"><img loading=\"lazy\" decoding=\"async\" data-attachment-id=\"200\" data-orig-file=\"https:\/\/www.ffhennersdorf.at\/WordPress\/wp-content\/uploads\/2016\/05\/PKW-Bergung-4.jpg\" data-orig-size=\"600,450\" data-comments-opened=\"1\" data-image-meta=\"{&quot;aperture&quot;:&quot;2.8&quot;,&quot;credit&quot;:&quot;&quot;,&quot;camera&quot;:&quot;DSC-P200&quot;,&quot;caption&quot;:&quot;&quot;,&quot;created_timestamp&quot;:&quot;1462145768&quot;,&quot;copyright&quot;:&quot;&quot;,&quot;focal_length&quot;:&quot;7.9&quot;,&quot;iso&quot;:&quot;320&quot;,&quot;shutter_speed&quot;:&quot;0.125&quot;,&quot;title&quot;:&quot;&quot;,&quot;orientation&quot;:&quot;1&quot;}\" data-image-title=\"PKW Bergung (4)\" data-image-description=\"\" data-medium-file=\"https:\/\/www.ffhennersdorf.at\/WordPress\/wp-content\/uploads\/2016\/05\/PKW-Bergung-4-300x225.jpg\" data-large-file=\"https:\/\/www.ffhennersdorf.at\/WordPress\/wp-content\/uploads\/2016\/05\/PKW-Bergung-4.jpg\" src=\"https:\/\/www.ffhennersdorf.at\/WordPress\/wp-content\/uploads\/2016\/05\/PKW-Bergung-4-277x208.jpg\" width=\"277\" height=\"208\" align=\"left\" title=\"PKW Bergung (4)\" \/><\/a><\/div><div class=\"tiled-gallery-item tiled-gallery-item-large\"><a href=\"https:\/\/www.ffhennersdorf.at\/WordPress\/aktivitaeten\/einsaetze\/img-20160524-wa0002\/#main\"><img loading=\"lazy\" decoding=\"async\" data-attachment-id=\"307\" data-orig-file=\"https:\/\/www.ffhennersdorf.at\/WordPress\/wp-content\/uploads\/2016\/04\/IMG-20160524-WA0002.jpg\" data-orig-size=\"1600,900\" data-comments-opened=\"1\" data-image-meta=\"{&quot;aperture&quot;:&quot;0&quot;,&quot;credit&quot;:&quot;&quot;,&quot;camera&quot;:&quot;&quot;,&quot;caption&quot;:&quot;&quot;,&quot;created_timestamp&quot;:&quot;0&quot;,&quot;copyright&quot;:&quot;&quot;,&quot;focal_length&quot;:&quot;0&quot;,&quot;iso&quot;:&quot;0&quot;,&quot;shutter_speed&quot;:&quot;0&quot;,&quot;title&quot;:&quot;&quot;,&quot;orientation&quot;:&quot;0&quot;}\" data-image-title=\"Einsatz\" data-image-description=\"\" data-medium-file=\"https:\/\/www.ffhennersdorf.at\/WordPress\/wp-content\/uploads\/2016\/04\/IMG-20160524-WA0002-300x169.jpg\" data-large-file=\"https:\/\/www.ffhennersdorf.at\/WordPress\/wp-content\/uploads\/2016\/04\/IMG-20160524-WA0002-1024x576.jpg\" src=\"https:\/\/www.ffhennersdorf.at\/WordPress\/wp-content\/uploads\/2016\/04\/IMG-20160524-WA0002-277x156.jpg\" width=\"277\" height=\"156\" align=\"left\" title=\"Einsatz\" \/><\/a><\/div><\/div><\/div><div class=\"gallery-row\" style=\"width: 775px; height: 269px;\"><div class=\"gallery-group images-1\" style=\"width: 206px; height: 273px;\"><div class=\"tiled-gallery-item tiled-gallery-item-small\"><a href=\"https:\/\/www.ffhennersdorf.at\/WordPress\/aktivitaeten\/einsaetze\/einsaetze-1\/#main\"><img loading=\"lazy\" decoding=\"async\" data-attachment-id=\"303\" data-orig-file=\"https:\/\/www.ffhennersdorf.at\/WordPress\/wp-content\/uploads\/2016\/04\/Einsaetze-1.jpg\" data-orig-size=\"375,500\" data-comments-opened=\"1\" data-image-meta=\"{&quot;aperture&quot;:&quot;2.6&quot;,&quot;credit&quot;:&quot;&quot;,&quot;camera&quot;:&quot;GT-N7100&quot;,&quot;caption&quot;:&quot;&quot;,&quot;created_timestamp&quot;:&quot;1420905730&quot;,&quot;copyright&quot;:&quot;&quot;,&quot;focal_length&quot;:&quot;3.7&quot;,&quot;iso&quot;:&quot;80&quot;,&quot;shutter_speed&quot;:&quot;0.0094339622641509&quot;,&quot;title&quot;:&quot;&quot;,&quot;orientation&quot;:&quot;1&quot;}\" data-image-title=\"Einsaetze (1)\" data-image-description=\"\" data-medium-file=\"https:\/\/www.ffhennersdorf.at\/WordPress\/wp-content\/uploads\/2016\/04\/Einsaetze-1-225x300.jpg\" data-large-file=\"https:\/\/www.ffhennersdorf.at\/WordPress\/wp-content\/uploads\/2016\/04\/Einsaetze-1.jpg\" src=\"https:\/\/www.ffhennersdorf.at\/WordPress\/wp-content\/uploads\/2016\/04\/Einsaetze-1-202x269.jpg\" width=\"202\" height=\"269\" align=\"left\" title=\"Einsaetze (1)\" \/><\/a><\/div><\/div><div class=\"gallery-group images-1\" style=\"width: 363px; height: 273px;\"><div class=\"tiled-gallery-item tiled-gallery-item-large\"><a href=\"https:\/\/www.ffhennersdorf.at\/WordPress\/2016\/05\/02\/te-pkw-bergung\/pkw-bergung-1\/#main\"><img loading=\"lazy\" decoding=\"async\" data-attachment-id=\"197\" data-orig-file=\"https:\/\/www.ffhennersdorf.at\/WordPress\/wp-content\/uploads\/2016\/05\/PKW-Bergung-1.jpg\" data-orig-size=\"600,450\" data-comments-opened=\"1\" data-image-meta=\"{&quot;aperture&quot;:&quot;2.8&quot;,&quot;credit&quot;:&quot;&quot;,&quot;camera&quot;:&quot;DSC-P200&quot;,&quot;caption&quot;:&quot;&quot;,&quot;created_timestamp&quot;:&quot;1462145576&quot;,&quot;copyright&quot;:&quot;&quot;,&quot;focal_length&quot;:&quot;7.9&quot;,&quot;iso&quot;:&quot;320&quot;,&quot;shutter_speed&quot;:&quot;0.125&quot;,&quot;title&quot;:&quot;&quot;,&quot;orientation&quot;:&quot;1&quot;}\" data-image-title=\"PKW Bergung (1)\" data-image-description=\"\" data-medium-file=\"https:\/\/www.ffhennersdorf.at\/WordPress\/wp-content\/uploads\/2016\/05\/PKW-Bergung-1-300x225.jpg\" data-large-file=\"https:\/\/www.ffhennersdorf.at\/WordPress\/wp-content\/uploads\/2016\/05\/PKW-Bergung-1.jpg\" src=\"https:\/\/www.ffhennersdorf.at\/WordPress\/wp-content\/uploads\/2016\/05\/PKW-Bergung-1-359x269.jpg\" width=\"359\" height=\"269\" align=\"left\" title=\"PKW Bergung (1)\" \/><\/a><\/div><\/div><div class=\"gallery-group images-1\" style=\"width: 206px; height: 273px;\"><div class=\"tiled-gallery-item tiled-gallery-item-small\"><a href=\"https:\/\/www.ffhennersdorf.at\/WordPress\/aktivitaeten\/einsaetze\/einsaetze-2\/#main\"><img loading=\"lazy\" decoding=\"async\" data-attachment-id=\"304\" data-orig-file=\"https:\/\/www.ffhennersdorf.at\/WordPress\/wp-content\/uploads\/2016\/04\/Einsaetze-2.jpg\" data-orig-size=\"375,500\" data-comments-opened=\"1\" data-image-meta=\"{&quot;aperture&quot;:&quot;2.6&quot;,&quot;credit&quot;:&quot;&quot;,&quot;camera&quot;:&quot;GT-N7100&quot;,&quot;caption&quot;:&quot;&quot;,&quot;created_timestamp&quot;:&quot;1420906121&quot;,&quot;copyright&quot;:&quot;&quot;,&quot;focal_length&quot;:&quot;3.7&quot;,&quot;iso&quot;:&quot;100&quot;,&quot;shutter_speed&quot;:&quot;0.01&quot;,&quot;title&quot;:&quot;&quot;,&quot;orientation&quot;:&quot;1&quot;}\" data-image-title=\"Einsaetze (2)\" data-image-description=\"\" data-medium-file=\"https:\/\/www.ffhennersdorf.at\/WordPress\/wp-content\/uploads\/2016\/04\/Einsaetze-2-225x300.jpg\" data-large-file=\"https:\/\/www.ffhennersdorf.at\/WordPress\/wp-content\/uploads\/2016\/04\/Einsaetze-2.jpg\" src=\"https:\/\/www.ffhennersdorf.at\/WordPress\/wp-content\/uploads\/2016\/04\/Einsaetze-2-202x269.jpg\" width=\"202\" height=\"269\" align=\"left\" title=\"Einsaetze (2)\" \/><\/a><\/div><\/div><\/div><div class=\"gallery-row\" style=\"width: 775px; height: 578px;\"><div class=\"gallery-group images-1\" style=\"width: 775px; height: 582px;\"><div class=\"tiled-gallery-item tiled-gallery-item-large\"><a href=\"https:\/\/www.ffhennersdorf.at\/WordPress\/aktivitaeten\/einsaetze\/einsaetze-3\/#main\"><img loading=\"lazy\" decoding=\"async\" data-attachment-id=\"305\" data-orig-file=\"https:\/\/www.ffhennersdorf.at\/WordPress\/wp-content\/uploads\/2016\/04\/Einsaetze-3.jpg\" data-orig-size=\"500,375\" data-comments-opened=\"1\" data-image-meta=\"{&quot;aperture&quot;:&quot;2.6&quot;,&quot;credit&quot;:&quot;&quot;,&quot;camera&quot;:&quot;GT-N7100&quot;,&quot;caption&quot;:&quot;&quot;,&quot;created_timestamp&quot;:&quot;1444566258&quot;,&quot;copyright&quot;:&quot;&quot;,&quot;focal_length&quot;:&quot;3.7&quot;,&quot;iso&quot;:&quot;80&quot;,&quot;shutter_speed&quot;:&quot;0.0035971223021583&quot;,&quot;title&quot;:&quot;&quot;,&quot;orientation&quot;:&quot;1&quot;}\" data-image-title=\"Einsaetze (3)\" data-image-description=\"\" data-medium-file=\"https:\/\/www.ffhennersdorf.at\/WordPress\/wp-content\/uploads\/2016\/04\/Einsaetze-3-300x225.jpg\" data-large-file=\"https:\/\/www.ffhennersdorf.at\/WordPress\/wp-content\/uploads\/2016\/04\/Einsaetze-3.jpg\" src=\"https:\/\/www.ffhennersdorf.at\/WordPress\/wp-content\/uploads\/2016\/04\/Einsaetze-3.jpg\" width=\"771\" height=\"578\" align=\"left\" title=\"Einsaetze (3)\" \/><\/a><\/div><\/div><\/div><\/div>\n","protected":false},"excerpt":{"rendered":"<p>Brandsicherheitswachen (BSW) bei Veranstaltungen im 9er Haus werden nicht gesondert angef\u00fchrt. Bisherige Eins\u00e4tze: Eins\u00e4tze des Jahres 2024 Eins\u00e4tze des Jahres 2023 Eins\u00e4tze des Jahres 2022 Eins\u00e4tze des Jahres 2021 Eins\u00e4tze <a class=\"more-link\" href=\"https:\/\/www.ffhennersdorf.at\/WordPress\/aktivitaeten\/einsaetze\/\">Weiterlesen&#8230;<\/a><\/p>\n","protected":false},"author":1,"featured_media":255,"parent":8,"menu_order":0,"comment_status":"closed","ping_status":"closed","template":"","meta":{"sfsi_plus_gutenberg_text_before_share":"","sfsi_plus_gutenberg_show_text_before_share":"","sfsi_plus_gutenberg_icon_type":"","sfsi_plus_gutenberg_icon_alignemt":"","sfsi_plus_gutenburg_max_per_row":"","footnotes":""},"_links":{"self":[{"href":"https:\/\/www.ffhennersdorf.at\/WordPress\/wp-json\/wp\/v2\/pages\/10"}],"collection":[{"href":"https:\/\/www.ffhennersdorf.at\/WordPress\/wp-json\/wp\/v2\/pages"}],"about":[{"href":"https:\/\/www.ffhennersdorf.at\/WordPress\/wp-json\/wp\/v2\/types\/page"}],"author":[{"embeddable":true,"href":"https:\/\/www.ffhennersdorf.at\/WordPress\/wp-json\/wp\/v2\/users\/1"}],"replies":[{"embeddable":true,"href":"https:\/\/www.ffhennersdorf.at\/WordPress\/wp-json\/wp\/v2\/comments?post=10"}],"version-history":[{"count":21,"href":"https:\/\/www.ffhennersdorf.at\/WordPress\/wp-json\/wp\/v2\/pages\/10\/revisions"}],"predecessor-version":[{"id":12799,"href":"https:\/\/www.ffhennersdorf.at\/WordPress\/wp-json\/wp\/v2\/pages\/10\/revisions\/12799"}],"up":[{"embeddable":true,"href":"https:\/\/www.ffhennersdorf.at\/WordPress\/wp-json\/wp\/v2\/pages\/8"}],"wp:featuredmedia":[{"embeddable":true,"href":"https:\/\/www.ffhennersdorf.at\/WordPress\/wp-json\/wp\/v2\/media\/255"}],"wp:attachment":[{"href":"https:\/\/www.ffhennersdorf.at\/WordPress\/wp-json\/wp\/v2\/media?parent=10"}],"curies":[{"name":"wp","href":"https:\/\/api.w.org\/{rel}","templated":true}]}}